git of 6 - 2 - (-19 + q)?
2
Suppose -1404 = -5*z + 106. What is the units digit of z?
2
Suppose -12*q + 33*q = 53004. What is the units digit of q?
4
Let p = 412 - 83. What is the hundreds digit of p?
3
Let q = -206 + 414. Suppose q + 404 = 3*f. What is the units digit of f?
4
Let o(f) = -436*f**2 - 2*f + 453*f**2 - 2 - 1. Let n be o(-2). Let h = 114 - n. What is the tens digit of h?
4
Let n be (-1)/(-5) - 16/5. Let r be 44/8*(-1 - n). What is the units digit of 1572/66 + 2/r?
4
Let p = 6 + -2. Suppose 0 = p*i - 61 + 21. Let w = 17 - i. What is the units digit of w?
7
What is the hundreds digit of (0 - 111 - 0)*(-64)/6?
1
What is the tens digit of ((-31)/2)/(5/(-240))?
4
Let h(t) = 3 + 2*t**2 - 8*t + 17*t + 6*t**2 - 6*t**2. What is the hundreds digit of h(-11)?
1
Suppose -4*r + 280 = 4*h, 6*r - 256 = 5*h + 120. What is the units digit of r?
6
Suppose 5*l - m = 3212, 3*l - 1935 = -2*m - 0*m. What is the hundreds digit of l?
6
Let b = 1030 + -698. What is the units digit of b?
2
Let g(b) = 160*b**2 + 3*b + 8. What is the units digit of g(-2)?
2
Suppose 0 = -14*o + 13*o - 26. What is the units digit of (-2556)/(-52) - (-4)/o?
9
Let r = -89 - -141. What is the tens digit of r?
5
What is the hundreds digit of ((-13)/10 + 39/26)*20905?
1
Suppose 59*n = 39534 + 77758. What is the units digit of n?
8
Let n(a) = -a**3 + 12*a**2 + 12*a + 11. Let v be n(13). Let p = v - -2. Suppose 3*q + q - 272 = p. What is the tens digit of q?
6
Let r = -7 + 7. Let l be (-1)/2*r*-1. Suppose l = h - 4*h + 33. What is the tens digit of h?
1
Let p(z) = z - 1. Let i(u) = 5*u + 4. Let d(t) = i(t) - 4*p(t). Let c be d(-5). Suppose 3*g - 2*x - 111 = 0, g = -x + c*x + 37. What is the tens digit of g?
3
Let s = -370 + 2017. What is the hundreds digit of s?
6
What is the units digit of 310 - (0 + 9 + -8)?
9
Suppose r + 2 = 2*r. Suppose o + 5*h - 2 = 0, -o + 3*h = 4*h + r. What is the units digit of (o/9)/(2/(-54))?
9
Suppose 3*f + 3 = -p, p + 4*p + 79 = f. Let h be (-35)/p*(-2 - 1). Let x = h - -41. What is the units digit of x?
4
Let l(x) = -2*x**2 + 7*x + 2. Let c be l(3). Suppose c*w - 1898 + 648 = 0. What is the tens digit of w?
5
Suppose w = 2*w - 2. Suppose 4*z + 5*m = 3*m + 102, 5*z - w*m - 114 = 0. What is the tens digit of z?
2
Let r(k) = 20*k**2 + 16*k - 14. What is the thousands digit of r(9)?
1
Let w be (58/4)/(5/(-20)). Let g = 30 + w. Let k = 53 + g. What is the units digit of k?
5
Suppose -2*f - 56196 = -38*f. What is the thousands digit of f?
1
Let c be 18/(-4) - (-51)/34. What is the units digit of (c - -9)*(-13)/(-2)?
9
Let d(x) = -x**3 + x**2 - 14*x + 2136. What is the units digit of d(0)?
6
Suppose 4*r - 4*i + 0 = -32, 4*r - 2*i = -24. Let s = 5 + r. Let a = 25 + s. What is the tens digit of a?
2
Let q = -423 - -1274. What is the hundreds digit of q?
8
Let s be -18*1*(3 - 4). Let w = 18 - s. Suppose 0 = 5*f - w*f + z - 185, -f + 5*z = -37. What is the units digit of f?
7
Suppose -2*w = 1 - 3. Let b be w + 0/(-1) + 1. What is the units digit of 48/b - 12/(-4)?
7
Suppose -14*d = -8*d - 378. What is the units digit of d?
3
Let z = 401 + 138. What is the hundreds digit of z?
5
Let f(q) = -q**3 - 30*q**2 + 10. Suppose i + 0*j + 20 = 5*j, 0 = 4*i + 3*j + 126. What is the tens digit of f(i)?
1
Suppose 0 = -3*k + m + 162, 4*m = k + k - 118. Let u = k - -20. What is the tens digit of u?
7
Let j(r) be the third derivative of r**4/24 + 10*r**3 + 2*r**2. What is the tens digit of j(0)?
6
Let c(f) = -f**3 + 21*f**2 + 19*f + 20. Let s be c(22). What is the units digit of (4 - 0 - s)/2?
5
Suppose 11 = 2*g + 5*r - 10, -4*g - 5*r = -57. What is the units digit of (-2)/g*-3*27?
9
Let h = -22 - -132. Let p = h + 10. What is the units digit of p?
0
Let k = -19 - -1307. What is the tens digit of k?
8
Let a(t) = -90*t + 3. Let u be a(1). Let l = 144 + u. What is the units digit of l?
7
Let t(p) = p**2 + 5*p + 7. Let m be t(-4). Let v = 7 - 2. Suppose m*l - b + 64 = 5*l, -2*b = v*l - 159. What is the tens digit of l?
3
Let b = -3161 - -7832. What is the thousands digit of b?
4
Let y = 26 - 26. Suppose y = 2*g - 6. What is the units digit of g?
3
Suppose 21 = 2*f + z + 2, 0 = 3*f + 2*z - 29. Suppose -x - 2*x + f = 0. What is the units digit of 20 + x*2/6?
1
Let t(a) = a**2 - 2*a + 1. Let r be t(4). Let v = 32 + -11. Suppose -m - r = -v. What is the units digit of m?
2
Let v be (-25)/(3 + (-21)/6). What is the tens digit of 93/(-15)*v/(-2)?
5
Suppose v = 2 - 6. Let k = 9 + v. Suppose -x = k*b - 40, -2*x = -4*b + 3*b - 47. What is the tens digit of x?
2
Let f be 3 - (1 - -3) - 11. Let j = f + 14. Suppose 3*d = -0*s - 4*s + 90, 2*d + j*s = 58. What is the units digit of d?
6
Suppose -2*i + 1 = -p - 5, -4*i + 22 = 3*p. Suppose -o + 4*o = p*x + 137, 0 = o - 5*x - 37. What is the tens digit of o?
4
Let o = 210 - 418. What is the tens digit of (2/(-3))/(4/3)*o?
0
Suppose 27 = -4*a - 5*a. What is the units digit of (a + (-39)/4)/(4/(-16))?
1
Let v be 1/5 + 27/15. Let l(p) = 6*p**v - 5*p - 17 + 3*p + p**3 + 18. What is the tens digit of l(-3)?
3
Let l = 1551 + -952. What is the units digit of l?
9
Let j(v) be the third derivative of -49*v**4/24 - v**3/6 - 3*v**2. Let s(m) = 24*m. Let b(w) = -6*j(w) - 13*s(w). What is the tens digit of b(-2)?
4
Suppose -7*c + 2*c + 25 = 0. Suppose 427 = 2*m + c*m. What is the tens digit of m?
6
Let u be (-1 - 0)*(-5)/((-25)/(-10)). Suppose 5*q + u*h = 50, 4*h - 9 = -2*q + h. What is the units digit of q?
2
Let d(f) = f**2 + 20*f - 11. Let x be d(-13). Let s = x - -187. What is the tens digit of s?
8
Suppose -p - 5 = 0, 7*p + 734 = v + 3*p. What is the tens digit of v?
1
Suppose 14 + 638 = 4*w. What is the hundreds digit of w?
1
Let r = 22 + -24. Let s be 2 + (1 + r - 21). Let u = 64 + s. What is the tens digit of u?
4
Let a = 29 + 361. What is the tens digit of a?
9
Suppose 2433 = -0*u + 2*u - z, 0 = -4*u + z + 4865. What is the tens digit of u?
1
Suppose 95 = -12*h + 467. Let n(y) = -2*y**2 + 8*y + 4. Let c be n(6). Let k = h - c. What is the units digit of k?
1
Let t = 787 + 1093. What is the tens digit of t?
8
Let h(x) = 3*x**3 - 8*x**2 + 8*x - 14. What is the hundreds digit of h(9)?
5
Let q be (1*(-36)/15)/((-3)/(-10)). What is the units digit of (-2)/(-4) - (68/q + 0)?
9
Suppose 22*v - 3624 - 1238 = 0. What is the tens digit of v?
2
Suppose 0 = -2*l + 273 - 73. What is the hundreds digit of l?
1
Suppose 0*i - 81 = -3*i. Let s = -133 + 142. Let r = i - s. What is the units digit of r?
8
Let j be 13 - 16 - 7/(-1). Suppose -5*o + 65 = x + j*x, 54 = 4*o + 2*x. What is the units digit of o?
4
Let q = 69 - -336. What is the tens digit of (-4 + q/10)*2?
7
What is the hundreds digit of 4070 - (-3 - -7)/4?
0
Let v(n) = 531*n**2 + 5*n. What is the hundreds digit of v(1)?
5
Suppose -16*z = -13*z + 3*l - 16836, -l + 22460 = 4*z. What is the units digit of z?
6
Let k = -7 + 12. Suppose k*b - 72 - 68 = 0. What is the units digit of b?
8
Let y(x) = -x**3 + 11*x**2 - 10*x + 3. Let p be y(10). Let w(v) = -v**3 + 3*v**2 + v + 3. Let f be w(p). What is the units digit of (18/15)/(f/260)?
2
Suppose 0 = 3*m - 35 - 25. Let w = -4 + 6. Suppose 2*z - m = -w*z. What is the units digit of z?
5
What is the thousands digit of (-8)/5 + 326436/110?
2
Let h = 259 - -803. Suppose -5*u + h = u. What is the hundreds digit of u?
1
Suppose -99 = -q + 478. What is the hundreds digit of q?
5
Let d = 5 + -17. Let s be 173/(-3) + d/(-18). Let a = 94 + s. What is the units digit of a?
7
Let n be 1*0*4/16. Let x be (-5 + n)*18/(-15). Let g = 57 - x. What is the units digit of g?
1
Let n(o) = 3*o. Let i be n(1). Let d = -3 + i. Suppose d = 4*x - 77 - 107. What is the tens digit of x?
4
Let o = -145 + 289. Let v = 240 - o. What is the units digit of v?
6
Let m(z) = 65*z**2 + z + 2. What is the hundreds digit of m(2)?
2
Let i be 2 + 0/(-1 - -3). Let g be 6/(-3*i/6). Let j = g - -23. What is the tens digit of j?
1
Suppose -5*z = -2*c - 20, -4*z + 7 = 3*c + 60. Let d = -3 - c. What is the units digit of d?
2
Suppose -75 = 4*k + k. Let t(f) = f**2 + 13*f + 27. Let z be t(-13). Let b = k + z. What is the tens digit of b?
1
Let y(d) = -146*d - 68. What is the units digit of y(-9)?
6
Let p be 60*(5 + -1 + 0). Suppose -3*v = -4*k + p, 400 = -2*v - 3*v - 5*k. What is the units digit of 14/21 - v/6?
4
